{"id":5193,"date":"2024-02-14T06:02:03","date_gmt":"2024-02-14T05:02:03","guid":{"rendered":"https:\/\/kantum-luxury-properties.com\/?page_id=5193"},"modified":"2024-02-14T06:49:44","modified_gmt":"2024-02-14T05:49:44","slug":"quartiers","status":"publish","type":"page","link":"https:\/\/kantum-luxury-properties.com\/index.php\/quartiers\/","title":{"rendered":"Quartiers"},"content":{"rendered":"\t\t<div data-elementor-type=\"wp-post\" data-elementor-id=\"5193\" class=\"elementor elementor-5193\">\n\t\t\t\t\t\t<section class=\"elementor-section elementor-top-section elementor-element elementor-element-06fa229 elementor-section-stretched elementor-section-boxed elementor-section-height-default elementor-section-height-default\" data-id=\"06fa229\" data-element_type=\"section\" data-e-type=\"section\" data-settings=\"{&quot;stretch_section&quot;:&quot;section-stretched&quot;}\">\n\t\t\t\t\t\t<div class=\"elementor-container elementor-column-gap-no\">\n\t\t\t\t\t<div class=\"elementor-column elementor-col-100 elementor-top-column elementor-element elementor-element-fd392b2\" data-id=\"fd392b2\" data-element_type=\"column\" data-e-type=\"column\">\n\t\t\t<div class=\"elementor-widget-wrap elementor-element-populated\">\n\t\t\t\t\t\t<div class=\"elementor-element elementor-element-f9e36c0 elementor-heading__align-center animated-fast elementor-invisible elementor-widget elementor-widget-heading\" data-id=\"f9e36c0\" data-element_type=\"widget\" data-e-type=\"widget\" data-settings=\"{&quot;_animation&quot;:&quot;opal-move-up&quot;}\" data-widget_type=\"heading.default\">\n\t\t\t\t<div class=\"elementor-widget-container\">\n\t\t\t\t\t<h2 class=\"elementor-heading-title elementor-size-default\">Des communaut\u00e9s luxueuses<\/h2>\t\t\t\t<\/div>\n\t\t\t\t<\/div>\n\t\t\t\t<div class=\"elementor-element elementor-element-30282c6 animated-fast elementor-invisible elementor-widget elementor-widget-text-editor\" data-id=\"30282c6\" data-element_type=\"widget\" data-e-type=\"widget\" data-settings=\"{&quot;_animation&quot;:&quot;opal-move-up&quot;}\" data-widget_type=\"text-editor.default\">\n\t\t\t\t<div class=\"elementor-widget-container\">\n\t\t\t\t\t\t\t\t\t<p>Des quartiers qui red\u00e9finissent la vie de luxe en cr\u00e9ant des chefs-d&rsquo;\u0153uvre immersifs<\/p>\t\t\t\t\t\t\t\t<\/div>\n\t\t\t\t<\/div>\n\t\t\t\t\t<\/div>\n\t\t<\/div>\n\t\t\t\t\t<\/div>\n\t\t<\/section>\n\t\t\t\t<section class=\"elementor-section elementor-top-section elementor-element elementor-element-cd40a6d elementor-section-stretched elementor-section-boxed elementor-section-height-default elementor-section-height-default\" data-id=\"cd40a6d\" data-element_type=\"section\" data-e-type=\"section\" data-settings=\"{&quot;stretch_section&quot;:&quot;section-stretched&quot;,&quot;background_background&quot;:&quot;classic&quot;}\">\n\t\t\t\t\t\t<div class=\"elementor-container elementor-column-gap-no\">\n\t\t\t\t\t<div class=\"elementor-column elementor-col-100 elementor-top-column elementor-element elementor-element-0852a27\" data-id=\"0852a27\" data-element_type=\"column\" data-e-type=\"column\">\n\t\t\t<div class=\"elementor-widget-wrap elementor-element-populated\">\n\t\t\t\t\t\t<div class=\"elementor-element elementor-element-fd80703 animated-fast elementor-invisible elementor-widget elementor-widget-opal-image-hotspots\" data-id=\"fd80703\" data-element_type=\"widget\" data-e-type=\"widget\" data-settings=\"{&quot;_animation&quot;:&quot;opal-move-up&quot;,&quot;_animation_delay&quot;:100}\" data-widget_type=\"opal-image-hotspots.default\">\n\t\t\t\t<div class=\"elementor-widget-container\">\n\t\t\t\t\t                    <div class=\"opal-image-hotspots-accordion\">\n                <div class=\"opal-image-hotspots-accordion-inner\">\n                    <div class=\"elementor-accordion scrollbar-inner\" role=\"tablist\">\n                                                    <div class=\"elementor-accordion-item\">\n                                <div id=\"elementor-tab-title-06daaf0\" class=\"elementor-tab-title\" tabindex=\"06daaf0\" data-tab=\"1\" role=\"tab\" aria-controls=\"elementor-tab-content-06daaf0\">\n                                    Palm Jumeirah                                <\/div>\n                                <div id=\"elementor-tab-content-06daaf0\" class=\"elementor-tab-content elementor-clearfix\" data-tab=\"1\" role=\"tabpanel\" aria-labelledby=\"elementor-tab-title-06daaf0\">Construite par l&rsquo;homme, Palm Jumeirah r\u00e9v\u00e8le sa forme de palmier depuis le ciel. Cette \u00eele unique au monde abrite certains des plus belles r\u00e9sidences de luxe au monde.<\/div>\n                            <\/div>\n                                                    <div class=\"elementor-accordion-item\">\n                                <div id=\"elementor-tab-title-c48dfd9\" class=\"elementor-tab-title\" tabindex=\"c48dfd9\" data-tab=\"2\" role=\"tab\" aria-controls=\"elementor-tab-content-c48dfd9\">\n                                    Burj Khalifa District                                <\/div>\n                                <div id=\"elementor-tab-content-c48dfd9\" class=\"elementor-tab-content elementor-clearfix\" data-tab=\"2\" role=\"tabpanel\" aria-labelledby=\"elementor-tab-title-c48dfd9\">Le quartier de Burj Khalifa est un quartier chic situ\u00e9 au centre-ville de Duba\u00ef qui compte de nombreux lieux c\u00e9l\u00e8bres ainsi que des h\u00f4tels et des maisons de luxe.<\/div>\n                            <\/div>\n                                                    <div class=\"elementor-accordion-item\">\n                                <div id=\"elementor-tab-title-80ab344\" class=\"elementor-tab-title\" tabindex=\"80ab344\" data-tab=\"3\" role=\"tab\" aria-controls=\"elementor-tab-content-80ab344\">\n                                    <p>Business Bay<\/p>                                <\/div>\n                                <div id=\"elementor-tab-content-80ab344\" class=\"elementor-tab-content elementor-clearfix\" data-tab=\"3\" role=\"tabpanel\" aria-labelledby=\"elementor-tab-title-80ab344\"><p>Business Bay est un quartier d&rsquo;affaires tr\u00e8s connu de Duba\u00ef. Les entreprises y cr\u00e9ent des opportunit\u00e9s financi\u00e8res et elle abrite \u00e9galement des r\u00e9sidences et h\u00f4tels hauts-de gamme.<\/p><\/div>\n                            <\/div>\n                                                    <div class=\"elementor-accordion-item\">\n                                <div id=\"elementor-tab-title-d6e885c\" class=\"elementor-tab-title\" tabindex=\"d6e885c\" data-tab=\"4\" role=\"tab\" aria-controls=\"elementor-tab-content-d6e885c\">\n                                    <p>Jumeirah<\/p>                                <\/div>\n                                <div id=\"elementor-tab-content-d6e885c\" class=\"elementor-tab-content elementor-clearfix\" data-tab=\"4\" role=\"tabpanel\" aria-labelledby=\"elementor-tab-title-d6e885c\"><p>Jumeirah est un quartier r\u00e9sidentiel d\u00e9contract\u00e9 avec plages et petits centres commerciaux, boutiques de mode locales, caf\u00e9s et complexes haut de gamme.<\/p><\/div>\n                            <\/div>\n                                                    <div class=\"elementor-accordion-item\">\n                                <div id=\"elementor-tab-title-47ca44f\" class=\"elementor-tab-title\" tabindex=\"47ca44f\" data-tab=\"5\" role=\"tab\" aria-controls=\"elementor-tab-content-47ca44f\">\n                                    <p>Dubai Marina<\/p>                                <\/div>\n                                <div id=\"elementor-tab-content-47ca44f\" class=\"elementor-tab-content elementor-clearfix\" data-tab=\"5\" role=\"tabpanel\" aria-labelledby=\"elementor-tab-title-47ca44f\"><p>Duba\u00ef Marina est un quartier r\u00e9sidentiel hupp\u00e9 connu pour The Beach at JBR. Ses caf\u00e9s \u00e9l\u00e9gants longent la promenade Dubai Marina Walk et de chics yachts traversent le vaste port de plaisance artificiel.<\/p><\/div>\n                            <\/div>\n                                                    <div class=\"elementor-accordion-item\">\n                                <div id=\"elementor-tab-title-41f5f42\" class=\"elementor-tab-title\" tabindex=\"41f5f42\" data-tab=\"6\" role=\"tab\" aria-controls=\"elementor-tab-content-41f5f42\">\n                                    Maritime City                                <\/div>\n                                <div id=\"elementor-tab-content-41f5f42\" class=\"elementor-tab-content elementor-clearfix\" data-tab=\"6\" role=\"tabpanel\" aria-labelledby=\"elementor-tab-title-41f5f42\">Avec des vues sur le front de mer, un emplacement strat\u00e9gique et des rendements locatifs \u00e9lev\u00e9s, il n&rsquo;est pas \u00e9tonnant que la ville maritime de Duba\u00ef soit en train de devenir le prochain haut lieu d&rsquo;investissement de Duba\u00ef.<\/div>\n                            <\/div>\n                                                    <div class=\"elementor-accordion-item\">\n                                <div id=\"elementor-tab-title-cefc111\" class=\"elementor-tab-title\" tabindex=\"cefc111\" data-tab=\"7\" role=\"tab\" aria-controls=\"elementor-tab-content-cefc111\">\n                                    <p>Duba\u00ef Hills<\/p>                                <\/div>\n                                <div id=\"elementor-tab-content-cefc111\" class=\"elementor-tab-content elementor-clearfix\" data-tab=\"7\" role=\"tabpanel\" aria-labelledby=\"elementor-tab-title-cefc111\"><p>\u00cates-vous \u00e0 la recherche d\u2019un style de vie luxueux, plein du plus grand luxe ? Ne cherchez pas plus loin que les villas \u00e0 vendre \u00e0 Duba\u00ef Hills.<\/p><\/div>\n                            <\/div>\n                                            <\/div>\n                <\/div>\n            <\/div>\n                <div id=\"opal-image-hotspots-fd80703\"\n             class=\"opal-image-hotspots-container\"\n             data-settings='{\"anim\":\"fade\",\"animDur\":350,\"delay\":10,\"arrow\":true,\"distance\":6,\"minWidth\":0,\"maxWidth\":\"null\",\"side\":[\"top\",\"bottom\"],\"hideMobiles\":false,\"trigger\":\"click\",\"id\":\"fd80703\"}'>\n            <img decoding=\"async\" class=\"opal-addons-image-hotspots-ib-img\" alt=\"Background\" src=\"https:\/\/kantum-luxury-properties.com\/wp-content\/uploads\/2024\/02\/carte-dubai-2.png\">\n                            <div class=\"opal-image-hotspots-anim opal-image-hotspots-main-icons elementor-repeater-item-06daaf0 tooltip-wrapper opal-image-hotspots-main-icons-06daaf0\" data-tab=\"#elementor-tab-title-06daaf0\"                        data-tooltip-content=\"#tooltip_content\">\n                                                                        <i class=\"opal-image-hotspots-icon\"><\/i>\n                                                                    <div class=\"opal-image-hotspots-tooltips-wrapper\">\n                        <div id=\"tooltip_content\"\n                             class=\"opal-image-hotspots-tooltips-text opal-image-hotspots-tooltips-text-fd80703\">Palm Jumeirah<\/div>\n                    <\/div>\n                <\/div>\n                            <div class=\"opal-image-hotspots-anim opal-image-hotspots-main-icons elementor-repeater-item-c48dfd9 tooltip-wrapper opal-image-hotspots-main-icons-c48dfd9\" data-tab=\"#elementor-tab-title-c48dfd9\"                        data-tooltip-content=\"#tooltip_content\">\n                                                                        <i class=\"opal-image-hotspots-icon\"><\/i>\n                                                                    <div class=\"opal-image-hotspots-tooltips-wrapper\">\n                        <div id=\"tooltip_content\"\n                             class=\"opal-image-hotspots-tooltips-text opal-image-hotspots-tooltips-text-fd80703\">Burj Khalifa District<\/div>\n                    <\/div>\n                <\/div>\n                            <div class=\"opal-image-hotspots-anim opal-image-hotspots-main-icons elementor-repeater-item-80ab344 tooltip-wrapper opal-image-hotspots-main-icons-80ab344\" data-tab=\"#elementor-tab-title-80ab344\"                        data-tooltip-content=\"#tooltip_content\">\n                                                                        <i class=\"opal-image-hotspots-icon\"><\/i>\n                                                                    <div class=\"opal-image-hotspots-tooltips-wrapper\">\n                        <div id=\"tooltip_content\"\n                             class=\"opal-image-hotspots-tooltips-text opal-image-hotspots-tooltips-text-fd80703\"><p>Business Bay<\/p><\/div>\n                    <\/div>\n                <\/div>\n                            <div class=\"opal-image-hotspots-anim opal-image-hotspots-main-icons elementor-repeater-item-d6e885c tooltip-wrapper opal-image-hotspots-main-icons-d6e885c\" data-tab=\"#elementor-tab-title-d6e885c\"                        data-tooltip-content=\"#tooltip_content\">\n                                                                        <i class=\"opal-image-hotspots-icon\"><\/i>\n                                                                    <div class=\"opal-image-hotspots-tooltips-wrapper\">\n                        <div id=\"tooltip_content\"\n                             class=\"opal-image-hotspots-tooltips-text opal-image-hotspots-tooltips-text-fd80703\"><p>Jumeirah<\/p><\/div>\n                    <\/div>\n                <\/div>\n                            <div class=\"opal-image-hotspots-anim opal-image-hotspots-main-icons elementor-repeater-item-47ca44f tooltip-wrapper opal-image-hotspots-main-icons-47ca44f\" data-tab=\"#elementor-tab-title-47ca44f\"                        data-tooltip-content=\"#tooltip_content\">\n                                                                        <i class=\"opal-image-hotspots-icon\"><\/i>\n                                                                    <div class=\"opal-image-hotspots-tooltips-wrapper\">\n                        <div id=\"tooltip_content\"\n                             class=\"opal-image-hotspots-tooltips-text opal-image-hotspots-tooltips-text-fd80703\"><p>Dubai Marina<\/p><\/div>\n                    <\/div>\n                <\/div>\n                            <div class=\"opal-image-hotspots-anim opal-image-hotspots-main-icons elementor-repeater-item-41f5f42 tooltip-wrapper opal-image-hotspots-main-icons-41f5f42\" data-tab=\"#elementor-tab-title-41f5f42\"                        data-tooltip-content=\"#tooltip_content\">\n                                                                        <i class=\"opal-image-hotspots-icon\"><\/i>\n                                                                    <div class=\"opal-image-hotspots-tooltips-wrapper\">\n                        <div id=\"tooltip_content\"\n                             class=\"opal-image-hotspots-tooltips-text opal-image-hotspots-tooltips-text-fd80703\">Maritime City<\/div>\n                    <\/div>\n                <\/div>\n                            <div class=\"opal-image-hotspots-anim opal-image-hotspots-main-icons elementor-repeater-item-cefc111 tooltip-wrapper opal-image-hotspots-main-icons-cefc111\" data-tab=\"#elementor-tab-title-cefc111\"                        data-tooltip-content=\"#tooltip_content\">\n                                                                        <i class=\"opal-image-hotspots-icon\"><\/i>\n                                                                    <div class=\"opal-image-hotspots-tooltips-wrapper\">\n                        <div id=\"tooltip_content\"\n                             class=\"opal-image-hotspots-tooltips-text opal-image-hotspots-tooltips-text-fd80703\"><p>Duba\u00ef Hills<\/p><\/div>\n                    <\/div>\n                <\/div>\n                    <\/div>\n\n        \t\t\t\t<\/div>\n\t\t\t\t<\/div>\n\t\t\t\t\t<\/div>\n\t\t<\/div>\n\t\t\t\t\t<\/div>\n\t\t<\/section>\n\t\t\t\t<\/div>\n\t\t","protected":false},"excerpt":{"rendered":"<p>Des communaut\u00e9s luxueuses Des quartiers qui red\u00e9finissent la vie de luxe en cr\u00e9ant des chefs-d&rsquo;\u0153uvre immersifs Palm Jumeirah Construite par l&rsquo;homme, Palm Jumeirah r\u00e9v\u00e8le sa forme de palmier depuis le ciel. Cette \u00eele unique au monde abrite certains des plus belles r\u00e9sidences de luxe au monde. Burj Khalifa District Le quartier de Burj Khalifa est &hellip; <\/p>\n<p class=\"link-more\"><a href=\"https:\/\/kantum-luxury-properties.com\/index.php\/quartiers\/\" class=\"more-link\">Read More <span class=\"screen-reader-text\"> \u00ab\u00a0Quartiers\u00a0\u00bb<\/span><\/a><\/p>\n","protected":false},"author":1,"featured_media":0,"parent":0,"menu_order":0,"comment_status":"closed","ping_status":"closed","template":"","meta":{"inline_featured_image":false,"footnotes":""},"class_list":["post-5193","page","type-page","status-publish","hentry"],"_links":{"self":[{"href":"https:\/\/kantum-luxury-properties.com\/index.php\/wp-json\/wp\/v2\/pages\/5193","targetHints":{"allow":["GET"]}}],"collection":[{"href":"https:\/\/kantum-luxury-properties.com\/index.php\/wp-json\/wp\/v2\/pages"}],"about":[{"href":"https:\/\/kantum-luxury-properties.com\/index.php\/wp-json\/wp\/v2\/types\/page"}],"author":[{"embeddable":true,"href":"https:\/\/kantum-luxury-properties.com\/index.php\/wp-json\/wp\/v2\/users\/1"}],"replies":[{"embeddable":true,"href":"https:\/\/kantum-luxury-properties.com\/index.php\/wp-json\/wp\/v2\/comments?post=5193"}],"version-history":[{"count":79,"href":"https:\/\/kantum-luxury-properties.com\/index.php\/wp-json\/wp\/v2\/pages\/5193\/revisions"}],"predecessor-version":[{"id":5279,"href":"https:\/\/kantum-luxury-properties.com\/index.php\/wp-json\/wp\/v2\/pages\/5193\/revisions\/5279"}],"wp:attachment":[{"href":"https:\/\/kantum-luxury-properties.com\/index.php\/wp-json\/wp\/v2\/media?parent=5193"}],"curies":[{"name":"wp","href":"https:\/\/api.w.org\/{rel}","templated":true}]}}